 - 3. Let v = 10 - 4. Let o(u) = u - v + 0 - 5. Let g be o(9). What is r(g)?
5
Suppose -a + 3 = 2*a. Let s(w) be the first derivative of w**3 - w**2/2 - 12. Determine s(a).
2
Let d = 611 + -611. Let c(q) = 2*q**2 - 2*q - 7. Determine c(d).
-7
Let x(v) be the third derivative of -v**7/5040 - 19*v**6/720 - 41*v**5/60 + 44*v**2. Let i(k) be the third derivative of x(k). Give i(0).
-19
Suppose -4*a - 36 = -0*a. Let i = 9 + a. Let l(r) = -2*r**3 + 7*r**2 - 2*r + 11. Let f(d) = -d**3 + 3*d**2 - d + 5. Let j(u) = -5*f(u) + 2*l(u). Calculate j(i).
-3
Let s(a) = a**3 - a**2. Let u(g) = 4*g**3 + 4*g**2 + g + 1. Let i(r) = -3*s(r) - u(r). Give i(-1).
6
Let q = 28 + -30. Let z(t) = -4*t**2 - t - 4. Let v(d) = d**3 - 8*d**2 - d - 9. Let b(a) = q*v(a) + 5*z(a). Let f be (-2)/(4 - (-15)/(-5)). What is b(f)?
4
Let z be (8/(-18) + 0)*(-3)/16. Let a(g) be the second derivative of -z*g**4 + 4/3*g**3 - 3/2*g**2 + 0 - 4*g. Give a(4).
13
Let u(p) = p**2 - 8*p + 7. Let s be u(6). Let a(f) = -6*f - 26*f**2 + 30*f**2 + 4 - 15*f**3 - 17*f**3 + 33*f**3 + 3. Determine a(s).
12
Let f(w) = w - 9. Let s be (-6)/(-96)*8 + (-7)/(-2). Give f(s).
-5
Let c(x) = -4*x - 4*x**2 + 3*x**2 - 10 + 9 - 4*x. Let l(p) = -p**2 - p - 1. Let w(q) = -c(q) + 2*l(q). Let o = 22 + -16. Determine w(o).
-1
Let a(c) = -32*c**2 - 6*c - 2. Let f(p) = 7*p**2 + 2*p. Let w(o) = 2*a(o) + 9*f(o). Suppose -3*r + 15 = 2*r. What is w(r)?
5
Let j = -6 - -3. Let f(h) be the first derivative of h**2 + 7. Let r be f(j). Let x(v) = -2*v - 9. Calculate x(r).
3
Let v(p) = -3*p - 3. Let q(h) = -2*h - 3. Let a(j) = -q(j) + v(j). Suppose u + 0 - 2 = 0. What is a(u)?
-2
Let y(n) = -n + 5. Let m = 32 + -40. What is y(m)?
13
Let u = -10 - -11. Let h(x) be the second derivative of 0*x**2 - x - 7/6*x**3 + 0. Give h(u).
-7
Let b(i) be the third derivative of 0*i - 2/3*i**3 + 1/8*i**4 + 0 + 4*i**2. Give b(6).
14
Suppose 15 + 17 = 4*n + 4*b, 7 = 4*n - b. Suppose 45*t = 48*t + n. Let g(o) = -2*o**3 - o. Determine g(t).
3
Let s(z) be the third derivative of z**6/120 - z**5/10 - 7*z**4/24 - 3*z**3/2 + 3*z**2 - 3*z. Determine s(7).
-9
Let r be (12/(-30))/(1/(-5)). Let n(u) = -4 + 5 + 6 - 4 - 6*u + 0*u. Calculate n(r).
-9
Let v(t) = -t**2 - 8*t + 4. Let q(l) = -l**3 - 19*l**2 - 19*l + 8. Let y be q(-18). Suppose y - 2 = -6*p. Let n = -4 + p. What is v(n)?
4
Let n = -3 + 6. Suppose j + 15*j = 48. Let q(f) = -3*f**3 - f**j + 4 + 5*f**3 - f**2 - n*f - 3. Give q(3).
10
Let t be ((-105)/(-3))/7 - 11. Let m(o) be the third derivative of 0*o + 1/24*o**4 - o**2 + 0 + 7/3*o**3. What is m(t)?
8
Let z be (1/(-1))/((-3)/93). Let n = -3 + z. Let m be 120/n + (-4)/14. Let l(u) = u - 4. Calculate l(m).
0
Let o(r) = r. Let h be 12*3/12*-3. Let f = 8 + h. Let q be -2 + (-1)/(f/(-3)). Determine o(q).
-5
Let u(f) be the third derivative of f**8/20160 - f**7/720 + f**6/720 + 13*f**5/60 - 2*f**2. Let v(l) be the third derivative of u(l). Determine v(8).
9
Let m(s) be the third derivative of 0*s + 1/2*s**3 + 0 - 8*s**2 - 1/120*s**6 + 1/60*s**5 + 1/24*s**4. Determine m(0).
3
Let u(p) = -5*p - 3. Suppose 4*f + 17 = -i - 7, i = -5*f - 29. Let s be f/(1 - -4) - 1. Give u(s).
7
Let p(q) = -2*q + 5. Let b(y) = -y + 6. Let k(s) = 2*b(s) - 3*p(s). Let x(h) = -h**3 - 6*h**2 + 9*h + 16. Let d be x(-7). What is k(d)?
5
Let d(u) = u**3 + 5*u**2 + 5*u + 3. Let r(w) = -4*w - 21. Let q be r(-9). Let y be (2 + (-35)/q)/((-1)/(-9)). Give d(y).
6
Let z(i) = -i - 11. Suppose -g + 28 = 6. Let x = g + -22. Suppose 2*w - 4*w = x. What is z(w)?
-11
Let m = 635 - 639. Let z(h) = h**3 + 3*h**2 - 2*h. What is z(m)?
-8
Let p(f) = -f + 3. Let s be (-4)/(-10) + 459/(-85). What is p(s)?
8
Let f be -6 + 9/(118/8 + -7 - 7). Let u(o) = -4*o**3 + 5*o**2 + 3*o - 2. Let i(p) = 7*p**3 - 10*p**2 - 7*p + 3. Let d(t) = 3*i(t) + 5*u(t). Give d(f).
-1
Let n(b) = -2*b + 4. Suppose -6*z - 34 = -4. What is n(z)?
14
Let i(u) = u**3 - 4*u**2 - 8*u + 6. Let f be (-35)/(-14) + 2/4. Let d be 5*(f - (-2 + (-12)/(-3))). What is i(d)?
-9
Let v(l) = -l**2 + 16*l - 10. Let j be 8*(-5)/(-4) - -6. Give v(j).
-10
Let w = -14 + 21. Let p(a) be the second derivative of a**3/6 - 9*a**2/2 - a - 21. Give p(w).
-2
Let z(m) = 2*m + 4. Let u(p) = 4 + 10*p + p**2 + 0*p**2 + 0*p**2 - 31. Let b be u(-12). Give z(b).
-2
Suppose 5*x + 64 + 16 = 0. Let r = 19 + x. Let v(o) = 11*o**3 - 2*o**2 - 3*o - 3. Let s(a) = 4*a**3 - a**2 - a - 1. Let q(k) = r*v(k) - 8*s(k). Determine q(-3).
-7
Let p(l) be the first derivative of -3*l**2/2 - l - 501. Let g = -6 + 9. Calculate p(g).
-10
Let y(b) = b**2 + 4*b - 2. Suppose 6*g - 96 = -0*g. Suppose 0 = -m + 12 - g. Calculate y(m).
-2
Suppose -40*s + 99 = -51*s. Let a(k) = -k - 11. What is a(s)?
-2
Let m(t) = 2*t + 43. Let h(c) = c**2 + 10*c - 31. Let x be h(-11). Calculate m(x).
3
Let p(f) = f**2 - 9*f + 8. Suppose -v + 38 = 37. Let z be (-3)/(3/v) + 10. Determine p(z).
8
Let t(r) be the first derivative of r**2/2 + 5*r - 6. Give t(-16).
-11
Let c = -44 + 48. Let n(t) = t + 5*t**3 - c*t**3 + 22*t + 9 - 13*t + 7*t**2. Determine n(-6).
-15
Let k(u) = -4*u - 11. Let y = 244 - 246. Let x be k(y). Let j(w) = 0*w + 4*w - w**2 + 2*w**2. What is j(x)?
-3
Let i(v) = v**2 + 10*v - 5 - 2*v**2 - v - 4. Let z(d) = d - 1. Let s(m) = -i(m) + 3*z(m). Let n be (12/(-7))/((-22)/77). Determine s(n).
6
Let t(b) = b**2 + 31*b - 55. Let y be t(-33). Let j(w) be the second derivative of 0 + 2*w**2 + 1/3*w**3 - 1/12*w**4 - y*w. Give j(4).
-4
Let l(r) = r**3 - 5*r**2 + r + 3. Let b be (-50)/15*(-108)/15. Let n = 29 - b. Give l(n).
8
Let w(h) = 444*h**2 - 226*h**2 - 9 - h**3 - 8*h - 225*h**2. Calculate w(-6).
3
Let o(b) = 8*b + 27*b**2 + 222 - 29*b**2 - 218 - b**3. What is o(-5)?
39
Let r(s) = -15 - s + 12*s - 8*s**2 + 7*s**2. Let j be r(8). Let c(m) = 2*m + m + j - 4 - 2*m. Calculate c(-6).
-1
Let f = 5 + -3. Suppose 0*s + f*s = -4. Let u(d) be the third derivative of d**5/30 - d**4/24 - d**3/6 - 549*d**2. What is u(s)?
9
Let k = 1635 + -1642. Let w(n) = -n - 13. What is w(k)?
-6
Let v = 171 - 173. Let k(i) = 2*i**2 + i + 2. Determine k(v).
8
Let m(f) = -4*f + 191252 - f**2 - 191253 - f. What is m(-5)?
-1
Let v = -55 + 59. Let g(d) be the first derivative of -d**4/6 + d**3/6 + 3*d**2 - 7. Let a(z) be the second derivative of g(z). Determine a(v).
-15
Let k(r) = -21 + r**3 - 8*r + 22 + r - 4*r**2. Let m be (-1)/((-2)/(-2 + 8)). Suppose -6*d = -5*w - d + 40, 4*d = -3*w + m. Give k(w).
-9
Let b(i) = 4*i + 14. Let f be 33/(-12) + 60/(-48). What is b(f)?
-2
Let f(w) = w**3 - w - 10. Let j = 29 - 27. Suppose -2 = -j*c - t + 1, 3*c - 2*t + 6 = 0. Calculate f(c).
-10
Let i(b) = -15*b + 8. Let k be i(-3). Let g(f) = k + 2*f - f - 55. What is g(-5)?
-7
Suppose 3*z + v - 29 = 0, -15 = -5*z - v + 30. Let u(i) = -i**2 + 14*i - 10. What is u(z)?
38
Let u(b) = 2 - 294*b + 146*b - 6 + 143*b. Calculate u(-3).
11
Let w(j) = -25*j + 6. Let h(f) = 275*f - 65. Let q(r) = -r**3 - 13*r**2 - 19*r - 19. Let n be q(-12). Let i(z) = n*w(z) + 6*h(z). Determine i(-1).
-25
Let m = -409 + 407. Let b(c) be the first derivative of 3*c - 1/2*c**4 + 3/2*c**2 + 1 - 2/3*c**3. Give b(m).
5
Let k = 41 - 23. Suppose 0 = -k*z + 22*z - 8. Let o(q) = 2*q - 1. Give o(z).
3
Let s(q) be the third derivative of q**6/120 + 2*q**5/15 - 3*q**4/8 + q**3/3 + 239*q**2. Let x = 11 + -20. Give s(x).
2
Let f(p) = p**2 - 3*p. Let r(g) = 4*g - 2*g + g**2 + g**2 - 3*g**2. Let n(o) = -2*f(o) - 3*r(o). Determine n(2).
4
Let k(m) = 2*m - 30. Suppose 6*t - 22 - 68 = 0. Give k(t).
0
Let x(q) be the third derivative of -q**5/20 - q**4/12 - 5*q**3/6 - 18*q**2. Let w(b) be the first derivative of x(b). Calculate w(2).
-14
Let y(o) = -o**2 - o - 1. Let c(b) = -9*b**2 - 8*b - 8. Let a(v) = -5*c(v) + 40*y(v). Give a(-1).
5
Let q(t) = 1 - 2 + 0*t**2 - 1 + 2*t - 2*t**2. Let o(k) = k - 20. Let x be o(22). What is q(x)?
-6
Let j(y) = -y**2 + 2*y + 2. Let d be j(-5). Let k = -25 - d. Let u(b) = -b + 5. Give u(k).
-3
Let l(p) = 5*p**2 - 3*p + 16. Let i(k) = 9*k**2 - 3*k + 31. Let x(j) = -4*i(j) + 7*l(j). Calculate x(-10).
-22
Let c(d) = d**2. Suppose 2*q + q = -3. Let k(v) = -v**3 + 4*v**2 - v + 2. Let w(l) = q*k(l) + 3*c(l). Let a(h) = -h**2 + 6*h. Let m be a(6). Calculate w(m).
-2
Suppose -4*s - 2*j + 21 = -5*j, -5*s - 4*j = -3. Suppose -s + 6 = a. Let z(p) = -2*p**2 + 4. What is 